 214) + -1)*-1 is divided by 48*((-95)/76)/(5/(-6))?
67
Suppose -g = 11*g - 18524 - 20452. Calculate the remainder when g is divided by 9.
8
Suppose 3*l - 78 = 3*g, 3*g + 54 = 4*l - 50. Let v(j) = 10*j**2 - 4*j + 1. Calculate the remainder when v(-3) is divided by l.
25
Let j(m) = 7*m + 40. Let a(o) = -13*o - 81. Let g(h) = -4*a(h) - 10*j(h). Calculate the remainder when 118 is divided by g(-6).
22
Suppose -9 = 5*i - 34. Suppose 27*a = -a + 1876. What is the remainder when a is divided by 21 - i/((-5)/(-4))?
16
Let w = 101 - 70. Let y = w + -26. Suppose y*u - 14 - 231 = 0. What is the remainder when u is divided by 15?
4
Let q(l) = -3*l**3 - 3*l**2 - 5*l + 2. Let v be q(-4). Calculate the remainder when (138/(-33) + -3)/(112/(-1232)) is divided by (-2)/3 - v/(-6).
25
Let s = 18 + -16. Let l(n) = 12*n + 45 - 26 - 22. What is the remainder when l(s) is divided by 12?
9
Let j(m) = 309*m - 1174. Calculate the remainder when j(4) is divided by (-4)/14 - 508/(-14).
26
Let w be (-3 - -2)*(0 - (0 + 7)). Suppose 4*t - 54 = -2*u, -w*u + 3 = -4*u. What is the remainder when 26 is divided by t?
0
Suppose 4*s - 8 = -0*z - 4*z, 4*z - 9 = -3*s. Let m(u) = -87*u**z + 36*u**3 + 43*u**3 + 5 + 4*u. What is the remainder when m(-2) is divided by 31?
30
Let w(b) = -54*b - 47. Let l be w(-3). Suppose 5*g - 200 = 5*c, 2*c = -49*g + 46*g + l. What is the remainder when g is divided by 22?
17
Suppose 3*k + 0*k = -4*h - 78, -38 = 2*h + k. Let m = h + 30. Suppose 10*x - m*x + 132 = 0. Calculate the remainder when x is divided by 12.
6
Let n = 1495 + -1488. Calculate the remainder when 594 is divided by n.
6
Suppose 0 = 2*v + 2763 - 2985. Suppose -7*k = -1784 + v. Calculate the remainder when k is divided by ((-20)/(-6))/(1/12).
39
Suppose -4*u = 2*f + u + 944, u + 1888 = -4*f. Let q = f - -521. Calculate the remainder when q is divided by 47.
2
Let t(q) = -199*q - 1522. Calculate the remainder when 8539 is divided by t(-8).
69
Let b be (20/8)/(-2*1/(-4)). What is the remainder when 263 is divided by 76/b*145/58?
35
Let g = 420 + -196. Let r = g - 213. Calculate the remainder when 86 is divided by r.
9
Suppose 4*b - 23 = -i, 5*i + 5*b - 108 - 52 = 0. Calculate the remainder when 111 is divided by i.
6
Let f be (4 - 4/((-8)/(-10))) + 37. Let q = -10 + f. Suppose -4*c + q = -34. Calculate the remainder when c is divided by 9.
6
Let n = -10022 - -10298. Calculate the remainder when n is divided by 69.
0
Suppose 4*o - 1057 = c, o - 158*c = -156*c + 280. Suppose 3*m - 146 = 124. Calculate the remainder when o is divided by m.
82
Calculate the remainder when (-3)/(-6)*46*2 is divided by (272/102)/((-1)/(-4)*24/9).
2
Suppose 154*v + 178*v - 290500 = 0. What is the remainder when v is divided by 874?
1
Let i = 870 - 862. Let h(p) = p**3 - 3*p**2 - 16*p + 18. What is the remainder when h(i) is divided by 110?
100
Calculate the remainder when 79 is divided by 37/1 + (-12)/(1 - 7).
1
Suppose -5*y + 105 = -4*d - 211, y - d - 62 = 0. What is the remainder when 9381 is divided by y?
65
Suppose 4*n - 240 - 1204 = 4*z, 12 = 3*n. Let u be -2*(z/(-6) - -2). Let w = -119 - u. What is the remainder when 19 is divided by w?
3
Let m(r) = r**2 + 7*r - 346. What is the remainder when m(21) is divided by 36?
26
Let z(m) = -m**2 + 10*m + 1777. Calculate the remainder when 368 is divided by z(-37).
26
Suppose 4*u - 124 = 4*c, 3*c + 4*u + 116 = -c. Let g = c + 35. What is the remainder when g is divided by 1?
0
Let g(s) = -90*s + 78. Let t be g(-6). Suppose -15*m + t = -372. Calculate the remainder when 325 is divided by m.
61
Suppose -4*i + 4*g = -551 - 5861, -7995 = -5*i - 5*g. Calculate the remainder when i is divided by 31.
20
Suppose 5508 + 42 = 10*c. What is the remainder when 560 is divided by c?
5
Let i = -2237 - -2247. Let x = -1 - 0. Let y = 28 + x. What is the remainder when y is divided by i?
7
Let c = -9174 - -14683. Calculate the remainder when c is divided by 106.
103
Let m(l) = l + 30. Let w be m(-22). Suppose -4*b + w = -8, -5*b = -5*p + 90. Calculate the remainder when p is divided by 6.
4
Let h(i) = 11*i - 11. Let p be h(-25). Let q = p - -298. Calculate the remainder when 46 is divided by q.
10
Let h be (2/(-3))/((-1)/33) - 4. Let t be 68/h + (140/63 - 2). Calculate the remainder when 35 + (t*(-2)/(-8) - 0) is divided by 13.
10
Let d = -331 - -484. Let j = d - 99. Calculate the remainder when j is divided by 11.
10
Suppose -9*k + 7*k - 18 = -2*u, 4*u = 2*k + 26. Suppose u*v - 507 = 3*o, 0*o + 381 = 3*v - 3*o. Calculate the remainder when v is divided by 43.
40
Let g(l) = -369*l - 98661. Suppose 45 = 5*a - 170. Calculate the remainder when g(-269) is divided by a.
41
Let l = 11040 + -2272. Calculate the remainder when l is divided by 79.
78
Suppose 2*b + 312 = -2272. What is the remainder when 35/(-14)*(b/20 - 1) is divided by 14?
10
Let n(f) = 110*f**3 - 8*f**2 + 9*f. Suppose -g - 2*g = -5*b - 125, g + 3*b - 65 = 0. Calculate the remainder when n(1) is divided by g.
11
Let w(g) = -56*g - 3*g**2 + 13*g + 4 + 16*g + 7*g - 2*g**3 + 17*g. Calculate the remainder when 68 is divided by w(-3).
28
Let t = 20536 - 20488. Calculate the remainder when 130 is divided by t.
34
Suppose -12532*j + 121545 = -12313*j. What is the remainder when j is divided by (2/(-4))/((-1)/62)?
28
Let o(y) = -y**2 + 7*y - 22. Let w be o(4). What is the remainder when 515 is divided by (-6 - -19) + -4 - w/2?
11
Suppose 2*s + 12*i = 9*i + 309, 4*i = 20. Calculate the remainder when s is divided by 46.
9
Calculate the remainder when 59 is divided by (-2*35/14 - -24) + 8.
5
Let z(u) = 591*u - 16494. Calculate the remainder when 1966 is divided by z(28).
22
Suppose -8*l = 273 - 199 - 1642. Calculate the remainder when l is divided by 45.
16
Let n be 1*-2 + 112 + -6. Suppose -n = 2*d - 424. Suppose -5*y = -4*w - 2*y + 89, 0 = -2*y + 2. What is the remainder when d is divided by w?
22
Let n(z) = -4*z**2 - 288*z - 9. What is the remainder when n(-71) is divided by 19?
9
Let i = -7860 - -8045. What is the remainder when 3326 is divided by i?
181
Suppose -5*t - 12 + 463 = 6*t. What is the remainder when t is divided by 9?
5
Suppose -j = 5*p + 67 - 882, 5*p - 5*j = 785. Calculate the remainder when 657 is divided by p.
9
Let s(f) = 9*f**2 - 2*f + 3. Let p be (-2)/26 + (-3555)/(-585). Calculate the remainder when s(-3) is divided by 8/p + (-1560)/(-72).
21
Suppose 2*m - 60 = -4*t, 3*t = 4*t - 3*m - 1. Let d(j) = -55*j - 7247. Calculate the remainder when t is divided by d(-132).
0
Let t = 24942 + -24445. What is the remainder when t is divided by 77?
35
Let y(g) = 1324*g - 5262. Suppose -w - 4*w + 60 = 0. What is the remainder when y(4) is divided by w?
10
Suppose 4*z - 134 = 10*j - 9*j, -18 = -3*j. Calculate the remainder when 3744 is divided by z.
34
Suppose o - 5*o - 140 = 0. Let z = -28 - o. Suppose -z*j = -5*j - 16. What is the remainder when 21 is divided by j?
5
Let z = 215 - -378. Suppose 25*i - 1007 = z. What is the remainder when i is divided by 23?
18
Suppose 0 = 625*i - 627*i + 14. Suppose -7*g + 336 = i. What is the remainder when 421 is divided by g?
45
Let v = -111 - -60. Let a = v + 69. Let u = -76 + 127. What is the remainder when u is divided by a?
15
Let t be 511/(-14)*-2 - -8. Suppose 5*b - 599 = -3*r, 3*r + r = -4*b + 484. Let f = b - t. Calculate the remainder when f is divided by 20.
17
Let p = 104 - 85. Calculate the remainder when ((4256/(-24))/p)/((-2)/24) is divided by 31.
19
Let u(r) = -r**3 + 10*r**2 + r + 4. Let h be u(10). Let k(s) = 2*s**2 - 23*s - 44. Calculate the remainder when k(h) is divided by 10.
6
Suppose -7*z - 1213 = -12*z - 3*b, 4*z - 966 = 2*b. Calculate the remainder when z is divided by 7.
4
Let q(l) = l**3 + 5*l**2 + 7*l + 15. Let x(u) = -2*u**2 + u - 4. Let k be x(0). Calculate the remainder when 69 is divided by q(k).
0
Let d be 1 - -15 - -1 - 0. Let m(y) = y**3 - 16*y**2 - 15*y - 23. What is the remainder when 315/10*(-12)/(-9) is divided by m(d)?
9
Suppose -1973 = -12*w + 1387. Suppose 2*g + 3*u = 122, -g + 3*u = 3*g - w. Calculate the remainder when g is divided by 24 + 1 + -1 + 0.
19
Let l = 19904 - 19841. Calculate the remainder when 815 is divided by l.
59
Suppose 4*s + 29 - 126 = 3*p, 4*s - 101 = -p. Let w(n) = -n**3 - 34*n**2 + 32*n - 100. Calculate the remaind